{"id":251,"date":"2022-02-15T13:39:25","date_gmt":"2022-02-15T16:39:25","guid":{"rendered":"https:\/\/iracemadigital.com.br\/3ever\/?page_id=251"},"modified":"2022-02-15T13:39:28","modified_gmt":"2022-02-15T16:39:28","slug":"tematica","status":"publish","type":"page","link":"https:\/\/pirambuinnovation.com.br\/3ever\/tematica\/","title":{"rendered":"Tem\u00e1tica"},"content":{"rendered":"<p>[et_pb_section fb_built=&#8221;1&#8243; fullwidth=&#8221;on&#8221; module_id=&#8221;topo&#8221; _builder_version=&#8221;4.14.7&#8243; z_index_tablet=&#8221;500&#8243; locked=&#8221;off&#8221; global_colors_info=&#8221;{}&#8221; _module_preset=&#8221;default&#8221; theme_builder_area=&#8221;post_content&#8221;][et_pb_fullwidth_post_title meta=&#8221;off&#8221; featured_image=&#8221;off&#8221; admin_label=&#8221;T\u00edtulo&#8221; _builder_version=&#8221;4.14.7&#8243; title_font=&#8221;|800|||||||&#8221; title_text_color=&#8221;#ffffff&#8221; title_font_size=&#8221;40px&#8221; background_image=&#8221;https:\/\/pirambuinnovation.com.br\/3ever\/wp-content\/uploads\/sites\/2\/2022\/02\/metaverso.jpg&#8221; text_orientation=&#8221;right&#8221; custom_margin=&#8221;0px|0px|0px|0px&#8221; custom_padding=&#8221;200px|||&#8221; z_index_tablet=&#8221;500&#8243; text_shadow_style=&#8221;preset5&#8243; text_shadow_blur_strength=&#8221;0.1em&#8221; text_shadow_color=&#8221;#000000&#8243; global_colors_info=&#8221;{}&#8221; _module_preset=&#8221;default&#8221; theme_builder_area=&#8221;post_content&#8221;][\/et_pb_fullwidth_post_title][\/et_pb_section][et_pb_section fb_built=&#8221;1&#8243; fullwidth=&#8221;on&#8221; _builder_version=&#8221;3.22&#8243; locked=&#8221;off&#8221; global_colors_info=&#8221;{}&#8221; _module_preset=&#8221;default&#8221; theme_builder_area=&#8221;post_content&#8221;][et_pb_fullwidth_header text_orientation=&#8221;center&#8221; admin_label=&#8221;Data&#8221; _builder_version=&#8221;3.21.4&#8243; title_font=&#8221;|800||on|||||&#8221; background_color=&#8221;#1f8967&#8243; custom_margin=&#8221;0px|0px|0px|0px&#8221; custom_padding=&#8221;0px|0px|0px|0px&#8221; z_index_tablet=&#8221;500&#8243; global_colors_info=&#8221;{}&#8221; _module_preset=&#8221;default&#8221; theme_builder_area=&#8221;post_content&#8221;][\/et_pb_fullwidth_header][\/et_pb_section][et_pb_section fb_built=&#8221;1&#8243; _builder_version=&#8221;3.22&#8243; locked=&#8221;off&#8221; global_colors_info=&#8221;{}&#8221; _module_preset=&#8221;default&#8221; theme_builder_area=&#8221;post_content&#8221;][et_pb_row column_structure=&#8221;1_2,1_2&#8243; _builder_version=&#8221;3.25&#8243; background_size=&#8221;initial&#8221; background_position=&#8221;top_left&#8221; background_repeat=&#8221;repeat&#8221; global_colors_info=&#8221;{}&#8221; _module_preset=&#8221;default&#8221; theme_builder_area=&#8221;post_content&#8221;][et_pb_column type=&#8221;1_2&#8243; _builder_version=&#8221;3.25&#8243; custom_padding=&#8221;|||&#8221; global_colors_info=&#8221;{}&#8221; custom_padding__hover=&#8221;|||&#8221; _module_preset=&#8221;default&#8221; theme_builder_area=&#8221;post_content&#8221;][et_pb_text admin_label=&#8221;Programa\u00e7\u00e3o&#8221; _builder_version=&#8221;4.14.7&#8243; text_font_size=&#8221;25px&#8221; text_line_height=&#8221;1.4em&#8221; link_font=&#8221;||||on|||#ff6e00|solid&#8221; z_index_tablet=&#8221;500&#8243; global_colors_info=&#8221;{}&#8221; _module_preset=&#8221;default&#8221; theme_builder_area=&#8221;post_content&#8221;]<\/p>\n<p>A Escola de Ver\u00e3o em Intelig\u00eancia Artificial (EVER) \u00e9 uma atividade anual do IRACEMA Digital. Ela apresenta produtos, pesquisas e projetos de Intelig\u00eancia Artificial e inova\u00e7\u00e3o em TICs do Cear\u00e1, promovendo uma maior articula\u00e7\u00e3o entres empres\u00e1rios, pesquisadores e gestores p\u00fablicos:<\/p>\n<p>&nbsp;<\/p>\n<ul>\n<li>Pesquisas e desenvolvimentos nas universidades, faculdades, centro de inova\u00e7\u00e3o e nas escolas;<\/li>\n<\/ul>\n<p>&nbsp;<\/p>\n<ul>\n<li>Solu\u00e7\u00f5es comercializadas por empresas e startups;<\/li>\n<\/ul>\n<p>&nbsp;<\/p>\n<ul>\n<li>Impacto das TICs no cidad\u00e3o, fora do ecossistema formal de inova\u00e7\u00e3o;<\/li>\n<\/ul>\n<p>&nbsp;<\/p>\n<ul>\n<li>Novos cen\u00e1rios socioecon\u00f4micos e o debate sobre o protagonismo da tecnologia como disrup\u00e7\u00e3o e futuro<\/li>\n<\/ul>\n<p>[\/et_pb_text][\/et_pb_column][et_pb_column type=&#8221;1_2&#8243; _builder_version=&#8221;3.25&#8243; custom_padding=&#8221;|||&#8221; global_colors_info=&#8221;{}&#8221; custom_padding__hover=&#8221;|||&#8221; _module_preset=&#8221;default&#8221; theme_builder_area=&#8221;post_content&#8221;][et_pb_image src=&#8221;https:\/\/pirambuinnovation.com.br\/3ever\/wp-content\/uploads\/sites\/2\/2022\/02\/Tejo.jpg&#8221; title_text=&#8221;Tejo&#8221; _builder_version=&#8221;4.14.7&#8243; _module_preset=&#8221;default&#8221; global_colors_info=&#8221;{}&#8221; theme_builder_area=&#8221;post_content&#8221;][\/et_pb_image][\/et_pb_column][\/et_pb_row][\/et_pb_section][et_pb_section fb_built=&#8221;1&#8243; fullwidth=&#8221;on&#8221; _builder_version=&#8221;3.22&#8243; locked=&#8221;off&#8221; global_colors_info=&#8221;{}&#8221; _module_preset=&#8221;default&#8221; theme_builder_area=&#8221;post_content&#8221;][et_pb_fullwidth_header title=&#8221;OS ECOSSISTEMAS DA III EVER&#8221; text_orientation=&#8221;center&#8221; admin_label=&#8221;Data&#8221; _builder_version=&#8221;3.21.4&#8243; title_font=&#8221;|800||on|||||&#8221; background_color=&#8221;#1f8967&#8243; custom_margin=&#8221;0px|0px|0px|0px&#8221; custom_padding=&#8221;0px|0px|0px|0px&#8221; z_index_tablet=&#8221;500&#8243; global_colors_info=&#8221;{}&#8221; _module_preset=&#8221;default&#8221; theme_builder_area=&#8221;post_content&#8221;][\/et_pb_fullwidth_header][\/et_pb_section][et_pb_section fb_built=&#8221;1&#8243; _builder_version=&#8221;3.22&#8243; locked=&#8221;off&#8221; global_colors_info=&#8221;{}&#8221; _module_preset=&#8221;default&#8221; theme_builder_area=&#8221;post_content&#8221;][et_pb_row column_structure=&#8221;1_4,3_4&#8243; use_custom_gutter=&#8221;on&#8221; gutter_width=&#8221;1&#8243; make_equal=&#8221;on&#8221; _builder_version=&#8221;4.14.7&#8243; _module_preset=&#8221;default&#8221; width=&#8221;100%&#8221; module_alignment=&#8221;center&#8221; min_height=&#8221;480px&#8221; custom_margin=&#8221;0px|0px|0px|0px|false|false&#8221; custom_padding=&#8221;0px|0px|0px|0px|false|false&#8221; locked=&#8221;off&#8221; global_colors_info=&#8221;{}&#8221; theme_builder_area=&#8221;post_content&#8221;][et_pb_column type=&#8221;1_4&#8243; _builder_version=&#8221;4.14.7&#8243; _dynamic_attributes=&#8221;link_option_url&#8221; _module_preset=&#8221;default&#8221; background_image=&#8221;https:\/\/pirambuinnovation.com.br\/3ever\/wp-content\/uploads\/sites\/2\/2022\/02\/Praia-1.jpg&#8221; custom_padding=&#8221;0px|0px|0px|0px|false|false&#8221; link_option_url=&#8221;@ET-DC@eyJkeW5hbWljIjp0cnVlLCJjb250ZW50IjoicG9zdF9saW5rX3VybF9wYWdlIiwic2V0dGluZ3MiOnsicG9zdF9pZCI6IjY3In19@&#8221; custom_css_main_element=&#8221;display: flex;||flex-flow: column;&#8221; global_colors_info=&#8221;{}&#8221; theme_builder_area=&#8221;post_content&#8221;][et_pb_text _builder_version=&#8221;4.14.7&#8243; _module_preset=&#8221;default&#8221; header_font=&#8221;|800|||||||&#8221; header_text_align=&#8221;right&#8221; header_text_color=&#8221;#FFFFFF&#8221; header_font_size=&#8221;50px&#8221; custom_padding=&#8221;|10px|||false|false&#8221; custom_css_main_element=&#8221;margin-top: auto;&#8221; global_colors_info=&#8221;{}&#8221; theme_builder_area=&#8221;post_content&#8221;]<\/p>\n<h1>SALA<br \/>PRAIA<\/h1>\n<p>[\/et_pb_text][\/et_pb_column][et_pb_column type=&#8221;3_4&#8243; _builder_version=&#8221;4.14.7&#8243; _module_preset=&#8221;default&#8221; background_enable_image=&#8221;off&#8221; custom_padding=&#8221;0px|0px|0px|0px|false|false&#8221; custom_css_main_element=&#8221;display: flex;||flex-flow: column;&#8221; global_colors_info=&#8221;{}&#8221; theme_builder_area=&#8221;post_content&#8221;][et_pb_text _builder_version=&#8221;4.14.7&#8243; _module_preset=&#8221;default&#8221; custom_padding=&#8221;40px|40px|40px|40px|false|false&#8221; global_colors_info=&#8221;{}&#8221; theme_builder_area=&#8221;post_content&#8221;]<\/p>\n<h1><strong>Novos rumos e conex\u00f5es internacionais<\/strong><\/h1>\n<p>O Cear\u00e1 antenado com o planeta mundo, o desenvolvimento sustent\u00e1vel e os neg\u00f3cios<\/p>\n<h2>Dia 03\/02 &#8211; manh\u00e3<\/h2>\n<p>Tema: Internacionaliza\u00e7\u00e3o<\/p>\n<h2>Dia 05\/02 &#8211; tarde<\/h2>\n<p>Tema: Transforma\u00e7\u00e3o Digital no Cear\u00e1<\/p>\n<p>[\/et_pb_text][\/et_pb_column][\/et_pb_row][et_pb_row column_structure=&#8221;3_4,1_4&#8243; use_custom_gutter=&#8221;on&#8221; gutter_width=&#8221;1&#8243; make_equal=&#8221;on&#8221; _builder_version=&#8221;4.14.7&#8243; _module_preset=&#8221;default&#8221; width=&#8221;100%&#8221; module_alignment=&#8221;center&#8221; min_height=&#8221;480px&#8221; custom_margin=&#8221;0px|0px|0px|0px|false|false&#8221; custom_padding=&#8221;0px|0px|0px|0px|false|false&#8221; locked=&#8221;off&#8221; global_colors_info=&#8221;{}&#8221; theme_builder_area=&#8221;post_content&#8221;][et_pb_column type=&#8221;3_4&#8243; _builder_version=&#8221;4.14.7&#8243; _module_preset=&#8221;default&#8221; background_enable_image=&#8221;off&#8221; custom_padding=&#8221;0px|0px|0px|0px|false|false&#8221; custom_css_main_element=&#8221;display: flex;||flex-flow: column;&#8221; global_colors_info=&#8221;{}&#8221; theme_builder_area=&#8221;post_content&#8221;][et_pb_text _builder_version=&#8221;4.14.7&#8243; _module_preset=&#8221;default&#8221; custom_padding=&#8221;40px|40px|40px|40px|false|false&#8221; global_colors_info=&#8221;{}&#8221; theme_builder_area=&#8221;post_content&#8221;]<\/p>\n<h1 style=\"text-align: right;\"><strong>Mostra das compet\u00eancias locais<\/strong><\/h1>\n<p style=\"text-align: right;\">Quem s\u00e3o e o que temos de tecnologia arretada para mudar as coisas ao nosso redor<\/p>\n<h2 style=\"text-align: right;\">Dia 03\/02 &#8211; tarde<\/h2>\n<p style=\"text-align: right;\">Tema: Pesquisa em IA<\/p>\n<h2 style=\"text-align: right;\">Dia 04\/02 &#8211; manh\u00e3<\/h2>\n<p style=\"text-align: right;\">Tema: Pr\u00e1ticas Inovadoras em IA<\/p>\n<p>[\/et_pb_text][\/et_pb_column][et_pb_column type=&#8221;1_4&#8243; _builder_version=&#8221;4.14.7&#8243; _dynamic_attributes=&#8221;link_option_url&#8221; _module_preset=&#8221;default&#8221; background_image=&#8221;https:\/\/pirambuinnovation.com.br\/3ever\/wp-content\/uploads\/sites\/2\/2022\/02\/por-do-sol-no-sertao-arte-1.jpg&#8221; custom_padding=&#8221;0px|0px|0px|0px|false|false&#8221; link_option_url=&#8221;@ET-DC@eyJkeW5hbWljIjp0cnVlLCJjb250ZW50IjoicG9zdF9saW5rX3VybF9wYWdlIiwic2V0dGluZ3MiOnsicG9zdF9pZCI6IjcyIn19@&#8221; custom_css_main_element=&#8221;display: flex;||flex-flow: column;&#8221; global_colors_info=&#8221;{}&#8221; theme_builder_area=&#8221;post_content&#8221;][et_pb_text _builder_version=&#8221;4.14.7&#8243; _module_preset=&#8221;default&#8221; header_font=&#8221;|800|||||||&#8221; header_text_align=&#8221;right&#8221; header_text_color=&#8221;#FFFFFF&#8221; header_font_size=&#8221;50px&#8221; custom_padding=&#8221;|10px|||false|false&#8221; custom_css_main_element=&#8221;margin-top: auto;&#8221; global_colors_info=&#8221;{}&#8221; theme_builder_area=&#8221;post_content&#8221;]<\/p>\n<h1>SALA<br \/>SERT\u00c3O<\/h1>\n<p>[\/et_pb_text][\/et_pb_column][\/et_pb_row][et_pb_row column_structure=&#8221;1_4,3_4&#8243; use_custom_gutter=&#8221;on&#8221; gutter_width=&#8221;1&#8243; make_equal=&#8221;on&#8221; _builder_version=&#8221;4.14.7&#8243; _module_preset=&#8221;default&#8221; width=&#8221;100%&#8221; module_alignment=&#8221;center&#8221; min_height=&#8221;480px&#8221; custom_margin=&#8221;0px|0px|0px|0px|false|false&#8221; custom_padding=&#8221;0px|0px|0px|0px|false|false&#8221; locked=&#8221;off&#8221; global_colors_info=&#8221;{}&#8221; theme_builder_area=&#8221;post_content&#8221;][et_pb_column type=&#8221;1_4&#8243; _builder_version=&#8221;4.14.7&#8243; _dynamic_attributes=&#8221;link_option_url&#8221; _module_preset=&#8221;default&#8221; background_image=&#8221;https:\/\/pirambuinnovation.com.br\/3ever\/wp-content\/uploads\/sites\/2\/2022\/02\/Serra-Ibiapaba-1.jpg&#8221; custom_padding=&#8221;0px|0px|0px|0px|false|false&#8221; link_option_url=&#8221;@ET-DC@eyJkeW5hbWljIjp0cnVlLCJjb250ZW50IjoicG9zdF9saW5rX3VybF9wYWdlIiwic2V0dGluZ3MiOnsicG9zdF9pZCI6Ijc2In19@&#8221; custom_css_main_element=&#8221;display: flex;||flex-flow: column;&#8221; global_colors_info=&#8221;{}&#8221; theme_builder_area=&#8221;post_content&#8221;][et_pb_text _builder_version=&#8221;4.14.7&#8243; _module_preset=&#8221;default&#8221; header_font=&#8221;|800|||||||&#8221; header_text_align=&#8221;right&#8221; header_text_color=&#8221;#FFFFFF&#8221; header_font_size=&#8221;50px&#8221; custom_padding=&#8221;|10px|||false|false&#8221; custom_css_main_element=&#8221;margin-top: auto;&#8221; global_colors_info=&#8221;{}&#8221; theme_builder_area=&#8221;post_content&#8221;]<\/p>\n<h1>SALA<br \/>SERRA<\/h1>\n<p>[\/et_pb_text][\/et_pb_column][et_pb_column type=&#8221;3_4&#8243; _builder_version=&#8221;4.14.7&#8243; _module_preset=&#8221;default&#8221; background_enable_image=&#8221;off&#8221; custom_padding=&#8221;0px|0px|0px|0px|false|false&#8221; custom_css_main_element=&#8221;display: flex;||flex-flow: column;&#8221; global_colors_info=&#8221;{}&#8221; theme_builder_area=&#8221;post_content&#8221;][et_pb_text _builder_version=&#8221;4.14.7&#8243; _module_preset=&#8221;default&#8221; custom_padding=&#8221;40px|40px|40px|40px|false|false&#8221; global_colors_info=&#8221;{}&#8221; theme_builder_area=&#8221;post_content&#8221;]<\/p>\n<h1><strong>Transforma\u00e7\u00e3o digital no Cear\u00e1<\/strong><\/h1>\n<p>Onde e como est\u00e3o ocorrendo as mudan\u00e7as tecnol\u00f3gicas para o bem das pessoas usu\u00e1rias<\/p>\n<h2>Dia 04\/02 &#8211; tarde<\/h2>\n<p>Tema: Pitchs em IA<\/p>\n<h2>Dia 05\/02 &#8211; manh\u00e3<\/h2>\n<p>Tema: Sa\u00fade Digital<\/p>\n<p>[\/et_pb_text][\/et_pb_column][\/et_pb_row][et_pb_row column_structure=&#8221;3_4,1_4&#8243; use_custom_gutter=&#8221;on&#8221; gutter_width=&#8221;1&#8243; make_equal=&#8221;on&#8221; _builder_version=&#8221;4.14.7&#8243; _module_preset=&#8221;default&#8221; background_enable_image=&#8221;off&#8221; width=&#8221;100%&#8221; module_alignment=&#8221;center&#8221; min_height=&#8221;480px&#8221; custom_margin=&#8221;0px|0px|0px|0px|false|false&#8221; custom_padding=&#8221;0px|0px|0px|0px|false|false&#8221; locked=&#8221;off&#8221; global_colors_info=&#8221;{}&#8221; theme_builder_area=&#8221;post_content&#8221;][et_pb_column type=&#8221;3_4&#8243; _builder_version=&#8221;4.14.7&#8243; _module_preset=&#8221;default&#8221; background_enable_image=&#8221;off&#8221; custom_padding=&#8221;0px|0px|0px|0px|false|false&#8221; custom_css_main_element=&#8221;display: flex;||flex-flow: column;&#8221; global_colors_info=&#8221;{}&#8221; theme_builder_area=&#8221;post_content&#8221;][et_pb_text _builder_version=&#8221;4.14.7&#8243; _module_preset=&#8221;default&#8221; custom_padding=&#8221;40px|40px|40px|40px|false|false&#8221; global_colors_info=&#8221;{}&#8221; theme_builder_area=&#8221;post_content&#8221;]<\/p>\n<h1 style=\"text-align: right;\"><strong>Versos, Universos e Metaversos<\/strong><\/h1>\n<p style=\"text-align: right;\">Debates e prosas em um mundo p\u00f3s-pandemia e repleto de desafios<\/p>\n<h2 style=\"text-align: right;\">Dia 03\/02 &#8211; noite<\/h2>\n<p style=\"text-align: right;\">Tema: Ecossistema da IA no Cear\u00e1<\/p>\n<h2 style=\"text-align: right;\">Dia 04\/02 &#8211; noite<\/h2>\n<p style=\"text-align: right;\">Tema: \u201cRios, Pontes e Overdrives\u201d<\/p>\n<h2 style=\"text-align: right;\">Dia 05\/02 &#8211; noite<\/h2>\n<p style=\"text-align: right;\">Tema: 2022, \u201co Ano em que Faremos Contato\u201d<\/p>\n<p>[\/et_pb_text][\/et_pb_column][et_pb_column type=&#8221;1_4&#8243; _builder_version=&#8221;4.14.7&#8243; _dynamic_attributes=&#8221;link_option_url&#8221; _module_preset=&#8221;default&#8221; background_image=&#8221;https:\/\/pirambuinnovation.com.br\/3ever\/wp-content\/uploads\/sites\/2\/2022\/02\/Mangue-ok-1.jpg&#8221; custom_padding=&#8221;0px|0px|0px|0px|false|false&#8221; link_option_url=&#8221;@ET-DC@eyJkeW5hbWljIjp0cnVlLCJjb250ZW50IjoicG9zdF9saW5rX3VybF9wYWdlIiwic2V0dGluZ3MiOnsicG9zdF9pZCI6IjgxIn19@&#8221; custom_css_main_element=&#8221;display: flex;||flex-flow: column;&#8221; global_colors_info=&#8221;{}&#8221; theme_builder_area=&#8221;post_content&#8221;][et_pb_text _builder_version=&#8221;4.14.7&#8243; _module_preset=&#8221;default&#8221; header_font=&#8221;|800|||||||&#8221; header_text_align=&#8221;right&#8221; header_text_color=&#8221;#FFFFFF&#8221; header_font_size=&#8221;50px&#8221; custom_padding=&#8221;|10px|||false|false&#8221; custom_css_main_element=&#8221;margin-top: auto;&#8221; global_colors_info=&#8221;{}&#8221; theme_builder_area=&#8221;post_content&#8221;]<\/p>\n<h1>SALA<br \/>MANGUE<\/h1>\n<p>[\/et_pb_text][\/et_pb_column][\/et_pb_row][\/et_pb_section]<\/p>\n","protected":false},"excerpt":{"rendered":"<p>A Escola de Ver\u00e3o em Intelig\u00eancia Artificial (EVER) \u00e9 uma atividade anual do IRACEMA Digital. Ela apresenta produtos, pesquisas e projetos de Intelig\u00eancia Artificial e inova\u00e7\u00e3o em TICs do Cear\u00e1, promovendo uma maior articula\u00e7\u00e3o entres empres\u00e1rios, pesquisadores e gestores p\u00fablicos: &nbsp; Pesquisas e desenvolvimentos nas universidades, faculdades, centro de inova\u00e7\u00e3o e nas escolas; &nbsp; Solu\u00e7\u00f5es [&hellip;]<\/p>\n","protected":false},"author":1,"featured_media":0,"parent":0,"menu_order":0,"comment_status":"closed","ping_status":"closed","template":"","meta":{"_et_pb_use_builder":"on","_et_pb_old_content":"","_et_gb_content_width":"","footnotes":""},"class_list":["post-251","page","type-page","status-publish","hentry"],"yoast_head":"<!-- This site is optimized with the Yoast SEO plugin v26.9 - https:\/\/yoast.com\/product\/yoast-seo-wordpress\/ -->\n<title>Tem\u00e1tica - III EVER - Iracema Digital<\/title>\n<meta name=\"robots\" content=\"index, follow, max-snippet:-1, max-image-preview:large, max-video-preview:-1\" \/>\n<link rel=\"canonical\" href=\"https:\/\/pirambuinnovation.com.br\/3ever\/tematica\/\" \/>\n<meta property=\"og:locale\" content=\"pt_BR\" \/>\n<meta property=\"og:type\" content=\"article\" \/>\n<meta property=\"og:title\" content=\"Tem\u00e1tica - III EVER - Iracema Digital\" \/>\n<meta property=\"og:description\" content=\"A Escola de Ver\u00e3o em Intelig\u00eancia Artificial (EVER) \u00e9 uma atividade anual do IRACEMA Digital. Ela apresenta produtos, pesquisas e projetos de Intelig\u00eancia Artificial e inova\u00e7\u00e3o em TICs do Cear\u00e1, promovendo uma maior articula\u00e7\u00e3o entres empres\u00e1rios, pesquisadores e gestores p\u00fablicos: &nbsp; Pesquisas e desenvolvimentos nas universidades, faculdades, centro de inova\u00e7\u00e3o e nas escolas; &nbsp; Solu\u00e7\u00f5es [&hellip;]\" \/>\n<meta property=\"og:url\" content=\"https:\/\/pirambuinnovation.com.br\/3ever\/tematica\/\" \/>\n<meta property=\"og:site_name\" content=\"III EVER - Iracema Digital\" \/>\n<meta property=\"article:modified_time\" content=\"2022-02-15T16:39:28+00:00\" \/>\n<meta name=\"twitter:card\" content=\"summary_large_image\" \/>\n<meta name=\"twitter:label1\" content=\"Est. tempo de leitura\" \/>\n\t<meta name=\"twitter:data1\" content=\"8 minutos\" \/>\n<script type=\"application\/ld+json\" class=\"yoast-schema-graph\">{\"@context\":\"https:\/\/schema.org\",\"@graph\":[{\"@type\":\"WebPage\",\"@id\":\"https:\/\/pirambuinnovation.com.br\/3ever\/tematica\/\",\"url\":\"https:\/\/pirambuinnovation.com.br\/3ever\/tematica\/\",\"name\":\"Tem\u00e1tica - III EVER - Iracema Digital\",\"isPartOf\":{\"@id\":\"https:\/\/pirambuinnovation.com.br\/3ever\/#website\"},\"datePublished\":\"2022-02-15T16:39:25+00:00\",\"dateModified\":\"2022-02-15T16:39:28+00:00\",\"breadcrumb\":{\"@id\":\"https:\/\/pirambuinnovation.com.br\/3ever\/tematica\/#breadcrumb\"},\"inLanguage\":\"pt-BR\",\"potentialAction\":[{\"@type\":\"ReadAction\",\"target\":[\"https:\/\/pirambuinnovation.com.br\/3ever\/tematica\/\"]}]},{\"@type\":\"BreadcrumbList\",\"@id\":\"https:\/\/pirambuinnovation.com.br\/3ever\/tematica\/#breadcrumb\",\"itemListElement\":[{\"@type\":\"ListItem\",\"position\":1,\"name\":\"In\u00edcio\",\"item\":\"https:\/\/pirambuinnovation.com.br\/3ever\/\"},{\"@type\":\"ListItem\",\"position\":2,\"name\":\"Tem\u00e1tica\"}]},{\"@type\":\"WebSite\",\"@id\":\"https:\/\/pirambuinnovation.com.br\/3ever\/#website\",\"url\":\"https:\/\/pirambuinnovation.com.br\/3ever\/\",\"name\":\"III EVER - Iracema Digital\",\"description\":\"III Escola de Ver\u00e3o em Intelig\u00eancia Artificial\",\"potentialAction\":[{\"@type\":\"SearchAction\",\"target\":{\"@type\":\"EntryPoint\",\"urlTemplate\":\"https:\/\/pirambuinnovation.com.br\/3ever\/?s={search_term_string}\"},\"query-input\":{\"@type\":\"PropertyValueSpecification\",\"valueRequired\":true,\"valueName\":\"search_term_string\"}}],\"inLanguage\":\"pt-BR\"}]}<\/script>\n<!-- \/ Yoast SEO plugin. -->","yoast_head_json":{"title":"Tem\u00e1tica - III EVER - Iracema Digital","robots":{"index":"index","follow":"follow","max-snippet":"max-snippet:-1","max-image-preview":"max-image-preview:large","max-video-preview":"max-video-preview:-1"},"canonical":"https:\/\/pirambuinnovation.com.br\/3ever\/tematica\/","og_locale":"pt_BR","og_type":"article","og_title":"Tem\u00e1tica - III EVER - Iracema Digital","og_description":"A Escola de Ver\u00e3o em Intelig\u00eancia Artificial (EVER) \u00e9 uma atividade anual do IRACEMA Digital. Ela apresenta produtos, pesquisas e projetos de Intelig\u00eancia Artificial e inova\u00e7\u00e3o em TICs do Cear\u00e1, promovendo uma maior articula\u00e7\u00e3o entres empres\u00e1rios, pesquisadores e gestores p\u00fablicos: &nbsp; Pesquisas e desenvolvimentos nas universidades, faculdades, centro de inova\u00e7\u00e3o e nas escolas; &nbsp; Solu\u00e7\u00f5es [&hellip;]","og_url":"https:\/\/pirambuinnovation.com.br\/3ever\/tematica\/","og_site_name":"III EVER - Iracema Digital","article_modified_time":"2022-02-15T16:39:28+00:00","twitter_card":"summary_large_image","twitter_misc":{"Est. tempo de leitura":"8 minutos"},"schema":{"@context":"https:\/\/schema.org","@graph":[{"@type":"WebPage","@id":"https:\/\/pirambuinnovation.com.br\/3ever\/tematica\/","url":"https:\/\/pirambuinnovation.com.br\/3ever\/tematica\/","name":"Tem\u00e1tica - III EVER - Iracema Digital","isPartOf":{"@id":"https:\/\/pirambuinnovation.com.br\/3ever\/#website"},"datePublished":"2022-02-15T16:39:25+00:00","dateModified":"2022-02-15T16:39:28+00:00","breadcrumb":{"@id":"https:\/\/pirambuinnovation.com.br\/3ever\/tematica\/#breadcrumb"},"inLanguage":"pt-BR","potentialAction":[{"@type":"ReadAction","target":["https:\/\/pirambuinnovation.com.br\/3ever\/tematica\/"]}]},{"@type":"BreadcrumbList","@id":"https:\/\/pirambuinnovation.com.br\/3ever\/tematica\/#breadcrumb","itemListElement":[{"@type":"ListItem","position":1,"name":"In\u00edcio","item":"https:\/\/pirambuinnovation.com.br\/3ever\/"},{"@type":"ListItem","position":2,"name":"Tem\u00e1tica"}]},{"@type":"WebSite","@id":"https:\/\/pirambuinnovation.com.br\/3ever\/#website","url":"https:\/\/pirambuinnovation.com.br\/3ever\/","name":"III EVER - Iracema Digital","description":"III Escola de Ver\u00e3o em Intelig\u00eancia Artificial","potentialAction":[{"@type":"SearchAction","target":{"@type":"EntryPoint","urlTemplate":"https:\/\/pirambuinnovation.com.br\/3ever\/?s={search_term_string}"},"query-input":{"@type":"PropertyValueSpecification","valueRequired":true,"valueName":"search_term_string"}}],"inLanguage":"pt-BR"}]}},"_links":{"self":[{"href":"https:\/\/pirambuinnovation.com.br\/3ever\/wp-json\/wp\/v2\/pages\/251","targetHints":{"allow":["GET"]}}],"collection":[{"href":"https:\/\/pirambuinnovation.com.br\/3ever\/wp-json\/wp\/v2\/pages"}],"about":[{"href":"https:\/\/pirambuinnovation.com.br\/3ever\/wp-json\/wp\/v2\/types\/page"}],"author":[{"embeddable":true,"href":"https:\/\/pirambuinnovation.com.br\/3ever\/wp-json\/wp\/v2\/users\/1"}],"replies":[{"embeddable":true,"href":"https:\/\/pirambuinnovation.com.br\/3ever\/wp-json\/wp\/v2\/comments?post=251"}],"version-history":[{"count":2,"href":"https:\/\/pirambuinnovation.com.br\/3ever\/wp-json\/wp\/v2\/pages\/251\/revisions"}],"predecessor-version":[{"id":256,"href":"https:\/\/pirambuinnovation.com.br\/3ever\/wp-json\/wp\/v2\/pages\/251\/revisions\/256"}],"wp:attachment":[{"href":"https:\/\/pirambuinnovation.com.br\/3ever\/wp-json\/wp\/v2\/media?parent=251"}],"curies":[{"name":"wp","href":"https:\/\/api.w.org\/{rel}","templated":true}]}}